Suppose 0 = -5*z - 4*v - 12, -31*v + q*v - 16 = 5*z. Determine w(z).
-3
Let k(j) = 3*j**3 + 40*j**2 + 113*j - 7. Let m be k(-4). Let n(u) = u**2 + 12*u + 22. Calculate n(m).
11
Let s(b) = 34*b - 265. Let j be s(8). Suppose 0 = -j*o + 30*o - 46. Let x(z) = -z + 2. Give x(o).
0
Let z be 415/(-2) + (117/6)/(-13). Let v = z + 197. Let i(q) = q**3 + 11*q**2 - 10*q + 17. Determine i(v).
-7
Let c = -47 - -53. Let q(y) = 5*y - 6. Let z be q(c). Let l(w) = -w + 9 - z + w**2 + 14 - 2*w**3. Give l(-1).
3
Let y be (69 + -19)/(2/1). Suppose 2*z + 2*z - 50 = 2*t, 3*t = -4*z + y. Let s be (8/z)/(8/40). Let m(h) = 2*h - 4. What is m(s)?
4
Let w(j) = -5*j + 4*j - 1 - j**2 + 2*j. Let o = 17 - -12. Suppose q = 4*l - 17, 2*q - o = -3*l + 6*q. What is w(l)?
-7
Let s(v) = 1125*v**2 - 2 - 1279*v**2 + 155*v**2. Let h be 1 + 0 + 4/1. Give s(h).
23
Let p(k) be the second derivative of k**5/20 + k**4/12 - k**3/6 - 13*k**2/2 + 4038*k. Suppose -2 = -i, 3*h + 6 = -0*h + 3*i. What is p(h)?
-13
Let w = -2696 + 2696. Let r(z) = 3*z**2 - 3*z + 21. What is r(w)?
21
Let k(i) = i**2 - 4*i - 9. Suppose 28 = 4*g + 2*j + 14, 2*g - 4*j - 22 = 0. Determine k(g).
-4
Let d(t) = -111979*t - 125 - 111981*t + 223941*t. What is d(-7)?
8
Let i(o) = -6*o + 9. Let u(p) = -p**2 - 11*p + 1. Let v be u(-11). Suppose -v = 5*t + 4. Let z(m) = m**2 + m + 1. Let y(s) = t*z(s) + i(s). Give y(-7).
8
Let n(q) = 330*q - 46. Let l(m) = -117*m + 16. Let b(j) = 17*l(j) + 6*n(j). Calculate b(3).
-31
Let b(r) = 9*r - 29*r + 25*r + 24 + 57. What is b(-13)?
16
Let c(r) = -5*r - 172. Suppose 2*y = 9*y + 238. Give c(y).
-2
Let u(i) = -2*i**2 + 4*i**3 - 61*i + 8 - 3*i**3 + 5 + 63*i - 17. Suppose 0 = -7*n + 4*n + 9. Suppose 0 = -d + 2, -5*d = 4*l + n - 25. What is u(l)?
11
Let x = 2743 + -2739. Let v(r) = r**2 - 10*r + 14. Determine v(x).
-10
Let w(u) = u**2 + u - 24. Suppose 5*t - 260 = -3*f - 230, f - 4*t = -24. Give w(f).
-24
Let h(q) = 97*q + 480. Let g = -2177 - -2172. What is h(g)?
-5
Let b(n) = 3*n + 10. Let v(d) = -9*d - 28. Let x(i) = -8*b(i) - 3*v(i). Determine x(-1).
1
Let v be (-522)/(-14) + (-6)/21. Let f(i) = -36 - 35 - v - 5*i + 144 - 38. Calculate f(-2).
8
Let w(t) = -11*t + 201. Let m = 25079 + -25060. Determine w(m).
-8
Let v(y) be the first derivative of y**2/2 - 9*y + 28172. Suppose 0 = 3*x + x - 4, x = 5*r - 4. Let o(w) = 5*w**2 - w + 1. Let h be o(r). What is v(h)?
-4
Let h(p) = p**3 - 5*p**2 + 6*p - 1. Suppose -i + 42 = 3*i + 2*s, -2*i - 4*s = -18. Suppose -16 = i*u - 60. Give h(u).
7
Let b(v) be the first derivative of -11*v**2/2 + 68. Suppose 5*z + 55 = -5*f, 3*f + 0*z = -z - 27. Let w be 4 + -1 + f + 6. Calculate b(w).
-11
Let g be 1*(9 - (-8)/(-2)). Let h(z) = 1720 - 3446 + 1720 - g*z. Calculate h(-2).
4
Let w(x) = 6*x + 0*x**2 + x**3 - 3*x**2 - 3*x. Let l be (-143)/44 - 9/(-36) - -5. Calculate w(l).
2
Let m = -53425 + 53422. Let s(q) = -q**2 + q**3 + q**3 - 3*q**3 - 4 + 0*q**3. Give s(m).
14
Let n(w) = -w - 17. Suppose -169*v = 5*y - 164*v + 25, -2*y = 4*v + 8. Give n(y).
-11
Let t(o) = -2*o**2 + 6*o - 6. Let h(d) = d**2 - 3*d + 3. Let q(a) = 5*h(a) + 3*t(a). Let u(b) = -5*b**2 - 179*b + 39. Let z be u(-36). Determine q(z).
-3
Let l(s) = -s**2 + 4*s + 2. Let h be l(0). Let w be 21/h*(68/12 + -5). Let k be (-297)/45 + 2 + w/(-5). Let j(q) = -q**2 - 7*q - 5. Calculate j(k).
1
Let r(i) = -5*i**2 + 2*i. Suppose -38 + 4 = -2*m. Let f(u) = -u**2 + 15*u + 37. Let a be f(m). Suppose -5*b + 20 = 0, 5*g - a*b + 22 = -0. Calculate r(g).
-24
Let r(t) be the third derivative of 25*t**4/24 + 95*t**3/6 - 3559*t**2. Give r(-4).
-5
Let l(y) = 25*y + 206. Suppose 8 = 18*w - 20*w - 4*k, -5*k = 2*w + 6. Give l(w).
6
Let j(q) = -4691*q + 2337*q + 1 + 2353*q + 13. What is j(-21)?
35
Let q(b) = 2*b**2 - 2*b - 2*b**2 - 3 - 3*b**2 + 2*b**2. Let y(s) = -s**3 + 22*s**2 - 42*s - 17. Let w be y(19). Let j = w - 272. Give q(j).
-11
Let m be 6/4*(-24)/9. Let b be m/(-8) - (-22)/4. Let f(v) = -v**3 + 7*v**2 - 7*v + 3. Give f(b).
-3
Let i = -2907 - -2916. Let g(x) = 3*x - 3. Determine g(i).
24
Let y(v) = 11*v - 26. Let u(h) = 94*h + 5268. Let w be u(-56). Calculate y(w).
18
Let q(h) = -h**2 - 17*h - 21. Let j be q(-16). Let v(o) be the first derivative of -5/3*o**3 - 3/2*o**2 + 27 - o - 1/4*o**4. Give v(j).
14
Suppose 4830 = -z - 5*o + 4850, 0 = o - 4. Let i(q) = -2*q + 86. What is i(z)?
86
Let d(p) = p**2 - p + 10*p - 2*p - 4. Let s(l) = 6*l + 54. Let u(y) = -2*y - 18. Let a(o) = 3*s(o) + 8*u(o). Let n be a(-13). Calculate d(n).
4
Suppose -15*o + 4*p = -17*o - 14, -2*o - 3*p - 10 = 0. Let s(h) be the second derivative of 3*h**5/10 - h**4/12 + 3*h. Determine s(o).
5
Let p(k) = k**2 + 2*k - 4. Let z(t) = -3*t**2 + 5*t + 1. Let h be z(4). Let u = h - -32. Suppose -2*g - g + u = 2*n, 25 = 5*n - 5*g. What is p(n)?
20
Let p(z) = 9*z**2 + 46*z + 2. Suppose 19*n - 773 = -868. What is p(n)?
-3
Let h(q) = -q**2 - 234*q + 1708. Let b be h(7). Let c(d) = 18*d - 380. Determine c(b).
-2
Let d(i) = -2*i**2 + 114*i - i**3 - 3 - 111*i - 2. Calculate d(-4).
15
Let p(w) = -w**2. Let o(f) = -5*f**2 - 8*f + 6. Let y be (-1 - 0)*6/6. Let c(z) = y*o(z) + 6*p(z). What is c(4)?
10
Let y = -35 - -38. Let h(o) = 8*o - 6*o - y + 7. Let u(d) = -d**3 + 7*d**2 - 6*d + 4. Let g be u(6). Determine h(g).
12
Let x(h) be the second derivative of h**4/12 + 17*h**3/6 - 10*h**2 - 2144*h + 1. Determine x(-17).
-20
Let w be 630/27 - (-5)/(-15). Let f(n) = -2*n - 35*n - w + 39 - 15. Determine f(1).
-36
Let h(f) = f**2 + 7*f + 5. Let v(i) be the third derivative of -i**4/24 + 2*i**3/3 - 2*i**2 - 9. Let m be v(11). Determine h(m).
5
Let c(x) = -x**2 - 11*x + 36. Suppose 4*p + 57 = -5*o, 4*p + 54 = 89*o - 91*o. Determine c(p).
10
Let a(t) = t**3 - 14*t**2 + 12*t + 5. Suppose -1142 - 273 = -5*f. Let l = -270 + f. Calculate a(l).
-8
Let s(l) = -22*l - 66 + 52*l + 67 - 32*l. Let o be ((-2)/((-6)/27))/(-1). Give s(o).
19
Let p(k) = -11*k - 27. Let t be (2/28)/(16/(-2752)) - 4/(-14). What is p(t)?
105
Suppose -4*u - 12 = -8. Let g(q) = q**3 + q**2 + q + 1. Let b(k) = 3*k**3 + 7*k**2 + 4*k + 7. Let v(y) = u*b(y) + 5*g(y). Let s = 415 + -413. Calculate v(s).
8
Let s = 21 + -30. Let j(r) = -4*r**3 - 6*r**2 - 1. Let f(g) = 2*g - 27. Let b be f(12). Let q(o) = 3*o**3 + 7*o**2. Let x(z) = b*q(z) - 2*j(z). Give x(s).
2
Let j(c) = -c**3 + 4*c**2 - c + 5. Let l be 8/(8 + -3 + -3). Calculate j(l).
1
Let f(n) = 114*n**2 + 39*n + 10. Let h(g) = 46*g**2 + 19*g + 5. Let x(d) = -4*f(d) + 10*h(d). What is x(-8)?
-6
Suppose -13*q + 8 + 11 = -20. Let d(j) be the second derivative of 1/6*j**3 - q*j**2 - 1/12*j**4 + 0 + 7*j. Determine d(0).
-6
Let u(y) = 22*y + 864. Let x(d) = 33*d + 1299. Let g(s) = 11*u(s) - 7*x(s). Calculate g(-38).
-7
Let m = 281 - 257. Suppose -84 + m = 12*x. Let z(i) = -i - 3. Give z(x).
2
Let g(t) = t**3 + 11*t**2 - 29*t - 179. Let z be g(-12). Suppose -1 = n + v + 6, 5*n + 3*v = -z. Let m(b) = -4*b - 1 + 1. Calculate m(n).
8
Let n = 55 - 55. Suppose n = -12*d + 10*d + 28. Suppose 0 = b + p + 5, -4*b + 0*b + 2*p = d. Let o(y) = y**2 + 2*y - 5. Calculate o(b).
3
Let x be (-188)/(-12) + (-4)/6. Suppose -77 + 2 = -x*b. Let i(c) be the third derivative of -c**4/12 + c**3/2 - 2*c**2. What is i(b)?
-7
Let t be (-1645)/(-40)*-2 + (-6)/8. Let w(k) = 21*k**2 - 2*k - 1. Let u be w(2). Let d = u + t. Let o(r) = r**3 + 4*r**2 - 3. Calculate o(d).
-3
Suppose q - 8 = -2. Let l be -5 + 5 + 3 + -1. Let w(f) = l + 3 + 0*f**2 + 0 - f**2 + 7*f. Give w(q).
11
Let u(c) = -c**3 + c**2 + c + 2. Suppose 7*i + 0 = 14. Let s be 4 - i - (4 - 4). Give u(s).
0
Let b(s) = 68*s**2 - 26*s**2 - 20*s**2 - 21*s**2 - 1 + 3*s. Suppose 0 = -4*w - 16, -402 = -3*a - 2*a - 2*w. Let f = 80 - a. Calculate b(f).
-3
Suppose 42 = -75*g + 82*g. Let o(k) = -21*k + 4. Let x(m) = 3*m. Let h(n) = o(n) + 5*x(n). What is h(g)?
-32
Suppose 494 = 3*d - c, 3*d + 4*c - 348 = d. Let a(y) = -88 - 85 + y + d. Determine a(9).
2
Let i be 0/1 - (2 - -2). Let p(r) be the second derivative of -r**6/720 + r**5/40 - 73*r**4/12 + 67*r. Let f(t) be the third derivative of p(t). Calculate f(i).
7
Let b(y) = y**3 + 6*y**2 - 7*y + 5. Let a be b(-7). Let v(z) be the second derivative of -1/2*z**2 + 1/12*z**4 - z**3 - 13*z + 0. Give v(a).
-6
Let y = 385 + -267. Let k(v) = 2*v + 4*v**2 - 126*v**3 + 245*v**3 + 3*v - y*v**3 + 4. Deter